{"id":955,"date":"2025-03-02T13:50:37","date_gmt":"2025-03-02T12:50:37","guid":{"rendered":"http:\/\/ff-kirchschlag.at\/?page_id=955"},"modified":"2026-03-30T11:28:06","modified_gmt":"2026-03-30T09:28:06","slug":"kommando","status":"publish","type":"page","link":"http:\/\/ff-kirchschlag.at\/?page_id=955","title":{"rendered":"Kommando"},"content":{"rendered":"\n<figure class=\"wp-block-image size-full\"><img fetchpriority=\"high\" decoding=\"async\" width=\"989\" height=\"659\" src=\"http:\/\/ff-kirchschlag.at\/wp-content\/uploads\/2026\/01\/1-2.jpg\" alt=\"\" class=\"wp-image-1421\" srcset=\"http:\/\/ff-kirchschlag.at\/wp-content\/uploads\/2026\/01\/1-2.jpg 989w, http:\/\/ff-kirchschlag.at\/wp-content\/uploads\/2026\/01\/1-2-300x200.jpg 300w, http:\/\/ff-kirchschlag.at\/wp-content\/uploads\/2026\/01\/1-2-768x512.jpg 768w\" sizes=\"(max-width: 989px) 100vw, 989px\" \/><figcaption class=\"wp-element-caption\">portrait<\/figcaption><\/figure>\n\n\n\n<p><\/p>\n\n\n\n<p> <\/p>\n\n\n\n<p>Hier zu sehen ist die \u00dcbergabe des Kommandos von HBI Thomas P\u00fcrrer an den neu gew\u00e4hlten Kommandanten HBI Gottfried Steiner im J\u00e4nner 2026.<\/p>\n\n\n\n<figure class=\"wp-block-image size-full\"><img decoding=\"async\" width=\"600\" height=\"897\" src=\"http:\/\/ff-kirchschlag.at\/wp-content\/uploads\/2024\/08\/Trimmel.Jakob_.BI_.jpg\" alt=\"\" class=\"wp-image-420\" srcset=\"http:\/\/ff-kirchschlag.at\/wp-content\/uploads\/2024\/08\/Trimmel.Jakob_.BI_.jpg 600w, http:\/\/ff-kirchschlag.at\/wp-content\/uploads\/2024\/08\/Trimmel.Jakob_.BI_-201x300.jpg 201w\" sizes=\"(max-width: 600px) 100vw, 600px\" \/><\/figure>\n\n\n\n<p>Im J\u00e4nner 2026 wurde HBI Jakob Trimmel zum KDT Stv. gew\u00e4hlt. <\/p>\n","protected":false},"excerpt":{"rendered":"<p>Hier zu sehen ist die \u00dcbergabe des Kommandos von HBI Thomas P\u00fcrrer an den neu gew\u00e4hlten Kommandanten HBI Gottfried Steiner im J\u00e4nner 2026. Im J\u00e4nner 2026 wurde HBI Jakob Trimmel zum KDT Stv. gew\u00e4hlt.<\/p>\n","protected":false},"author":1,"featured_media":0,"parent":0,"menu_order":0,"comment_status":"closed","ping_status":"closed","template":"wp-custom-template-ueber-uns-template","meta":{"ngg_post_thumbnail":0,"footnotes":""},"class_list":["post-955","page","type-page","status-publish","hentry"],"yoast_head":"<!-- This site is optimized with the Yoast SEO plugin v27.4 - https:\/\/yoast.com\/product\/yoast-seo-wordpress\/ -->\n<title>Kommando - Freiwillige Feuerwehr Kirchschlag<\/title>\n<meta name=\"robots\" content=\"index, follow, max-snippet:-1, max-image-preview:large, max-video-preview:-1\" \/>\n<link rel=\"canonical\" href=\"http:\/\/ff-kirchschlag.at\/?page_id=955\" \/>\n<meta property=\"og:locale\" content=\"de_DE\" \/>\n<meta property=\"og:type\" content=\"article\" \/>\n<meta property=\"og:title\" content=\"Kommando - Freiwillige Feuerwehr Kirchschlag\" \/>\n<meta property=\"og:description\" content=\"Hier zu sehen ist die \u00dcbergabe des Kommandos von HBI Thomas P\u00fcrrer an den neu gew\u00e4hlten Kommandanten HBI Gottfried Steiner im J\u00e4nner 2026. Im J\u00e4nner 2026 wurde HBI Jakob Trimmel zum KDT Stv. gew\u00e4hlt.\" \/>\n<meta property=\"og:url\" content=\"http:\/\/ff-kirchschlag.at\/?page_id=955\" \/>\n<meta property=\"og:site_name\" content=\"Freiwillige Feuerwehr Kirchschlag\" \/>\n<meta property=\"article:modified_time\" content=\"2026-03-30T09:28:06+00:00\" \/>\n<meta property=\"og:image\" content=\"http:\/\/ff-kirchschlag.at\/wp-content\/uploads\/2026\/01\/1-2.jpg\" \/>\n<meta name=\"twitter:card\" content=\"summary_large_image\" \/>\n<meta name=\"twitter:label1\" content=\"Gesch\u00e4tzte Lesezeit\" \/>\n\t<meta name=\"twitter:data1\" content=\"1\u00a0Minute\" \/>\n<script type=\"application\/ld+json\" class=\"yoast-schema-graph\">{\"@context\":\"https:\\\/\\\/schema.org\",\"@graph\":[{\"@type\":\"WebPage\",\"@id\":\"http:\\\/\\\/ff-kirchschlag.at\\\/?page_id=955\",\"url\":\"http:\\\/\\\/ff-kirchschlag.at\\\/?page_id=955\",\"name\":\"Kommando - Freiwillige Feuerwehr Kirchschlag\",\"isPartOf\":{\"@id\":\"https:\\\/\\\/ff-kirchschlag.at\\\/#website\"},\"primaryImageOfPage\":{\"@id\":\"http:\\\/\\\/ff-kirchschlag.at\\\/?page_id=955#primaryimage\"},\"image\":{\"@id\":\"http:\\\/\\\/ff-kirchschlag.at\\\/?page_id=955#primaryimage\"},\"thumbnailUrl\":\"http:\\\/\\\/ff-kirchschlag.at\\\/wp-content\\\/uploads\\\/2026\\\/01\\\/1-2.jpg\",\"datePublished\":\"2025-03-02T12:50:37+00:00\",\"dateModified\":\"2026-03-30T09:28:06+00:00\",\"breadcrumb\":{\"@id\":\"http:\\\/\\\/ff-kirchschlag.at\\\/?page_id=955#breadcrumb\"},\"inLanguage\":\"de\",\"potentialAction\":[{\"@type\":\"ReadAction\",\"target\":[\"http:\\\/\\\/ff-kirchschlag.at\\\/?page_id=955\"]}]},{\"@type\":\"ImageObject\",\"inLanguage\":\"de\",\"@id\":\"http:\\\/\\\/ff-kirchschlag.at\\\/?page_id=955#primaryimage\",\"url\":\"http:\\\/\\\/ff-kirchschlag.at\\\/wp-content\\\/uploads\\\/2026\\\/01\\\/1-2.jpg\",\"contentUrl\":\"http:\\\/\\\/ff-kirchschlag.at\\\/wp-content\\\/uploads\\\/2026\\\/01\\\/1-2.jpg\",\"width\":989,\"height\":659},{\"@type\":\"BreadcrumbList\",\"@id\":\"http:\\\/\\\/ff-kirchschlag.at\\\/?page_id=955#breadcrumb\",\"itemListElement\":[{\"@type\":\"ListItem\",\"position\":1,\"name\":\"Startseite\",\"item\":\"https:\\\/\\\/ff-kirchschlag.at\\\/\"},{\"@type\":\"ListItem\",\"position\":2,\"name\":\"Kommando\"}]},{\"@type\":\"WebSite\",\"@id\":\"https:\\\/\\\/ff-kirchschlag.at\\\/#website\",\"url\":\"https:\\\/\\\/ff-kirchschlag.at\\\/\",\"name\":\"Freiwillige Feuerwehr Kirchschlag\",\"description\":\"Freiwillige Feuerwehr Kirchschlag idBW\",\"publisher\":{\"@id\":\"https:\\\/\\\/ff-kirchschlag.at\\\/#organization\"},\"potentialAction\":[{\"@type\":\"SearchAction\",\"target\":{\"@type\":\"EntryPoint\",\"urlTemplate\":\"https:\\\/\\\/ff-kirchschlag.at\\\/?s={search_term_string}\"},\"query-input\":{\"@type\":\"PropertyValueSpecification\",\"valueRequired\":true,\"valueName\":\"search_term_string\"}}],\"inLanguage\":\"de\"},{\"@type\":\"Organization\",\"@id\":\"https:\\\/\\\/ff-kirchschlag.at\\\/#organization\",\"name\":\"Freiwillige Feuerwehr Kirchschlag\",\"url\":\"https:\\\/\\\/ff-kirchschlag.at\\\/\",\"logo\":{\"@type\":\"ImageObject\",\"inLanguage\":\"de\",\"@id\":\"https:\\\/\\\/ff-kirchschlag.at\\\/#\\\/schema\\\/logo\\\/image\\\/\",\"url\":\"http:\\\/\\\/ff-kirchschlag.at\\\/wp-content\\\/uploads\\\/2024\\\/08\\\/ff-logo-1.png\",\"contentUrl\":\"http:\\\/\\\/ff-kirchschlag.at\\\/wp-content\\\/uploads\\\/2024\\\/08\\\/ff-logo-1.png\",\"width\":317,\"height\":382,\"caption\":\"Freiwillige Feuerwehr Kirchschlag\"},\"image\":{\"@id\":\"https:\\\/\\\/ff-kirchschlag.at\\\/#\\\/schema\\\/logo\\\/image\\\/\"}}]}<\/script>\n<!-- \/ Yoast SEO plugin. -->","yoast_head_json":{"title":"Kommando - Freiwillige Feuerwehr Kirchschlag","robots":{"index":"index","follow":"follow","max-snippet":"max-snippet:-1","max-image-preview":"max-image-preview:large","max-video-preview":"max-video-preview:-1"},"canonical":"http:\/\/ff-kirchschlag.at\/?page_id=955","og_locale":"de_DE","og_type":"article","og_title":"Kommando - Freiwillige Feuerwehr Kirchschlag","og_description":"Hier zu sehen ist die \u00dcbergabe des Kommandos von HBI Thomas P\u00fcrrer an den neu gew\u00e4hlten Kommandanten HBI Gottfried Steiner im J\u00e4nner 2026. Im J\u00e4nner 2026 wurde HBI Jakob Trimmel zum KDT Stv. gew\u00e4hlt.","og_url":"http:\/\/ff-kirchschlag.at\/?page_id=955","og_site_name":"Freiwillige Feuerwehr Kirchschlag","article_modified_time":"2026-03-30T09:28:06+00:00","og_image":[{"url":"http:\/\/ff-kirchschlag.at\/wp-content\/uploads\/2026\/01\/1-2.jpg","type":"","width":"","height":""}],"twitter_card":"summary_large_image","twitter_misc":{"Gesch\u00e4tzte Lesezeit":"1\u00a0Minute"},"schema":{"@context":"https:\/\/schema.org","@graph":[{"@type":"WebPage","@id":"http:\/\/ff-kirchschlag.at\/?page_id=955","url":"http:\/\/ff-kirchschlag.at\/?page_id=955","name":"Kommando - Freiwillige Feuerwehr Kirchschlag","isPartOf":{"@id":"https:\/\/ff-kirchschlag.at\/#website"},"primaryImageOfPage":{"@id":"http:\/\/ff-kirchschlag.at\/?page_id=955#primaryimage"},"image":{"@id":"http:\/\/ff-kirchschlag.at\/?page_id=955#primaryimage"},"thumbnailUrl":"http:\/\/ff-kirchschlag.at\/wp-content\/uploads\/2026\/01\/1-2.jpg","datePublished":"2025-03-02T12:50:37+00:00","dateModified":"2026-03-30T09:28:06+00:00","breadcrumb":{"@id":"http:\/\/ff-kirchschlag.at\/?page_id=955#breadcrumb"},"inLanguage":"de","potentialAction":[{"@type":"ReadAction","target":["http:\/\/ff-kirchschlag.at\/?page_id=955"]}]},{"@type":"ImageObject","inLanguage":"de","@id":"http:\/\/ff-kirchschlag.at\/?page_id=955#primaryimage","url":"http:\/\/ff-kirchschlag.at\/wp-content\/uploads\/2026\/01\/1-2.jpg","contentUrl":"http:\/\/ff-kirchschlag.at\/wp-content\/uploads\/2026\/01\/1-2.jpg","width":989,"height":659},{"@type":"BreadcrumbList","@id":"http:\/\/ff-kirchschlag.at\/?page_id=955#breadcrumb","itemListElement":[{"@type":"ListItem","position":1,"name":"Startseite","item":"https:\/\/ff-kirchschlag.at\/"},{"@type":"ListItem","position":2,"name":"Kommando"}]},{"@type":"WebSite","@id":"https:\/\/ff-kirchschlag.at\/#website","url":"https:\/\/ff-kirchschlag.at\/","name":"Freiwillige Feuerwehr Kirchschlag","description":"Freiwillige Feuerwehr Kirchschlag idBW","publisher":{"@id":"https:\/\/ff-kirchschlag.at\/#organization"},"potentialAction":[{"@type":"SearchAction","target":{"@type":"EntryPoint","urlTemplate":"https:\/\/ff-kirchschlag.at\/?s={search_term_string}"},"query-input":{"@type":"PropertyValueSpecification","valueRequired":true,"valueName":"search_term_string"}}],"inLanguage":"de"},{"@type":"Organization","@id":"https:\/\/ff-kirchschlag.at\/#organization","name":"Freiwillige Feuerwehr Kirchschlag","url":"https:\/\/ff-kirchschlag.at\/","logo":{"@type":"ImageObject","inLanguage":"de","@id":"https:\/\/ff-kirchschlag.at\/#\/schema\/logo\/image\/","url":"http:\/\/ff-kirchschlag.at\/wp-content\/uploads\/2024\/08\/ff-logo-1.png","contentUrl":"http:\/\/ff-kirchschlag.at\/wp-content\/uploads\/2024\/08\/ff-logo-1.png","width":317,"height":382,"caption":"Freiwillige Feuerwehr Kirchschlag"},"image":{"@id":"https:\/\/ff-kirchschlag.at\/#\/schema\/logo\/image\/"}}]}},"_links":{"self":[{"href":"http:\/\/ff-kirchschlag.at\/index.php?rest_route=\/wp\/v2\/pages\/955","targetHints":{"allow":["GET"]}}],"collection":[{"href":"http:\/\/ff-kirchschlag.at\/index.php?rest_route=\/wp\/v2\/pages"}],"about":[{"href":"http:\/\/ff-kirchschlag.at\/index.php?rest_route=\/wp\/v2\/types\/page"}],"author":[{"embeddable":true,"href":"http:\/\/ff-kirchschlag.at\/index.php?rest_route=\/wp\/v2\/users\/1"}],"replies":[{"embeddable":true,"href":"http:\/\/ff-kirchschlag.at\/index.php?rest_route=%2Fwp%2Fv2%2Fcomments&post=955"}],"version-history":[{"count":6,"href":"http:\/\/ff-kirchschlag.at\/index.php?rest_route=\/wp\/v2\/pages\/955\/revisions"}],"predecessor-version":[{"id":1461,"href":"http:\/\/ff-kirchschlag.at\/index.php?rest_route=\/wp\/v2\/pages\/955\/revisions\/1461"}],"wp:attachment":[{"href":"http:\/\/ff-kirchschlag.at\/index.php?rest_route=%2Fwp%2Fv2%2Fmedia&parent=955"}],"curies":[{"name":"wp","href":"https:\/\/api.w.org\/{rel}","templated":true}]}}