{"id":552,"date":"2024-08-19T21:51:36","date_gmt":"2024-08-19T19:51:36","guid":{"rendered":"http:\/\/ff-kirchschlag.at\/?page_id=552"},"modified":"2025-12-07T16:45:10","modified_gmt":"2025-12-07T15:45:10","slug":"jetzt-spenden","status":"publish","type":"page","link":"http:\/\/ff-kirchschlag.at\/?page_id=552","title":{"rendered":"Spenden"},"content":{"rendered":"\n\n\n<p>Sicherlich haben Sie sich schon einmal gefragt:<\/p>\n\n\n\n<ul class=\"wp-block-list\">\n<li>Wie finanziert sich eine Feuerwehr?<\/li>\n\n\n\n<li>Woher stammt das Geld f\u00fcr die Fahrzeuge und Ausr\u00fcstung?<\/li>\n\n\n\n<li>Was passiert mit einer Spende?<\/li>\n\n\n\n<li>Wie kann ich spenden?<\/li>\n<\/ul>\n\n\n\n<p>Die Freiwillige Feuerwehr Kirchschlag besteht ausschlie\u00dflich aus freiwilligen Mitgliedern. Das hei\u00dft keiner von uns bekommt einen Cent f\u00fcr seine geleistete Arbeit, egal wieviel er dazu beitr\u00e4gt. Unsere Ausgaben werden f\u00fcr die Beschaffung von Ger\u00e4ten, Fahrzeugen und Ausr\u00fcstung bzw. Bekleidung verwendet.<\/p>\n\n\n\n<p>Gute Qualit\u00e4t an Hilfeleistungen kann nur von einer gut geschulten Mannschaft mit guter Ausr\u00fcstung samt Ger\u00e4t gew\u00e4hrleistet werden. Weshalb ein Gro\u00dfteil unserer Zeit f\u00fcr Wartung des Ger\u00e4tes, Kurse und \u00dcbungen aufgewendet wird. Im Ernstfall wenn unsere Hilfe ben\u00f6tigt wird und Sekunden z\u00e4hlen, wollen wir vorbereitet sein.<\/p>\n\n\n\n<p>Unsere Einnahmen setzen sich zusammen aus F\u00f6rderungen des Landes Nieder\u00f6sterreich, Zuwendungen der Stadtgemeinde Kirchschlag, laut Tarifordnung verrechenbare Eins\u00e4tze, diverse Veranstaltungen (Dammfest, Fr\u00fchlingsfest, Faschingssitzung) und Spenden.<\/p>\n\n\n\n<p>Scannen Sie diesen QR Code:<\/p>\n\n\n\n<div class=\"wp-block-columns is-layout-flex wp-container-core-columns-is-layout-d0b3c9c8 wp-block-columns-is-layout-flex\">\n<div class=\"wp-block-column is-layout-flow wp-block-column-is-layout-flow\">\n<figure class=\"wp-block-image size-full is-resized\"><img fetchpriority=\"high\" decoding=\"async\" width=\"788\" height=\"788\" src=\"http:\/\/ff-kirchschlag.at\/wp-content\/uploads\/2025\/04\/iban.jpg\" alt=\"\" class=\"wp-image-975\" style=\"width:289px;height:auto\" srcset=\"http:\/\/ff-kirchschlag.at\/wp-content\/uploads\/2025\/04\/iban.jpg 788w, http:\/\/ff-kirchschlag.at\/wp-content\/uploads\/2025\/04\/iban-300x300.jpg 300w, http:\/\/ff-kirchschlag.at\/wp-content\/uploads\/2025\/04\/iban-768x768.jpg 768w\" sizes=\"(max-width: 788px) 100vw, 788px\" \/><\/figure>\n\n\n\n<p>Unser Spendenkonto bei der Raiffeisenbank Wiener Alpen Kirchschlag<\/p>\n\n\n\n<p>FREIWILLIGE FEUERWEHR KIRCHSCHLAG<br>IBAN: AT963219500102406585<br>BIC: RLNWATWWASP<\/p>\n<\/div>\n<\/div>\n\n\n\n<p>Ihre Spende ist steuerlich absetzbar, schreiben Sie dazu bitte in den Verwendungszweck Ihren Vornamen, Familiennamen und das Geburtsdatum.<\/p>\n\n\n\n<p>Danke im Voraus!<\/p>\n","protected":false},"excerpt":{"rendered":"<p>Sicherlich haben Sie sich schon einmal gefragt: Die Freiwillige Feuerwehr Kirchschlag besteht ausschlie\u00dflich aus freiwilligen Mitgliedern. Das hei\u00dft keiner von uns bekommt einen Cent f\u00fcr seine geleistete Arbeit, egal wieviel er dazu beitr\u00e4gt. Unsere Ausgaben werden f\u00fcr die Beschaffung von Ger\u00e4ten, Fahrzeugen und Ausr\u00fcstung bzw. Bekleidung verwendet. Gute Qualit\u00e4t an Hilfeleistungen kann nur von einer [&hellip;]<\/p>\n","protected":false},"author":1,"featured_media":857,"parent":0,"menu_order":0,"comment_status":"closed","ping_status":"closed","template":"","meta":{"ngg_post_thumbnail":0,"footnotes":""},"class_list":["post-552","page","type-page","status-publish","has-post-thumbnail","hentry"],"yoast_head":"<!-- This site is optimized with the Yoast SEO plugin v27.4 - https:\/\/yoast.com\/product\/yoast-seo-wordpress\/ -->\n<title>Spenden - Freiwillige Feuerwehr Kirchschlag<\/title>\n<meta name=\"robots\" content=\"index, follow, max-snippet:-1, max-image-preview:large, max-video-preview:-1\" \/>\n<link rel=\"canonical\" href=\"https:\/\/ff-kirchschlag.at\/?page_id=552\" \/>\n<meta property=\"og:locale\" content=\"de_DE\" \/>\n<meta property=\"og:type\" content=\"article\" \/>\n<meta property=\"og:title\" content=\"Spenden - Freiwillige Feuerwehr Kirchschlag\" \/>\n<meta property=\"og:description\" content=\"Sicherlich haben Sie sich schon einmal gefragt: Die Freiwillige Feuerwehr Kirchschlag besteht ausschlie\u00dflich aus freiwilligen Mitgliedern. Das hei\u00dft keiner von uns bekommt einen Cent f\u00fcr seine geleistete Arbeit, egal wieviel er dazu beitr\u00e4gt. Unsere Ausgaben werden f\u00fcr die Beschaffung von Ger\u00e4ten, Fahrzeugen und Ausr\u00fcstung bzw. Bekleidung verwendet. Gute Qualit\u00e4t an Hilfeleistungen kann nur von einer [&hellip;]\" \/>\n<meta property=\"og:url\" content=\"https:\/\/ff-kirchschlag.at\/?page_id=552\" \/>\n<meta property=\"og:site_name\" content=\"Freiwillige Feuerwehr Kirchschlag\" \/>\n<meta property=\"article:modified_time\" content=\"2025-12-07T15:45:10+00:00\" \/>\n<meta property=\"og:image\" content=\"https:\/\/ff-kirchschlag.at\/wp-content\/uploads\/2024\/10\/Spenden.jpg\" \/>\n\t<meta property=\"og:image:width\" content=\"1920\" \/>\n\t<meta property=\"og:image:height\" content=\"913\" \/>\n\t<meta property=\"og:image:type\" content=\"image\/jpeg\" \/>\n<meta name=\"twitter:card\" content=\"summary_large_image\" \/>\n<script type=\"application\/ld+json\" class=\"yoast-schema-graph\">{\"@context\":\"https:\\\/\\\/schema.org\",\"@graph\":[{\"@type\":\"WebPage\",\"@id\":\"https:\\\/\\\/ff-kirchschlag.at\\\/?page_id=552\",\"url\":\"https:\\\/\\\/ff-kirchschlag.at\\\/?page_id=552\",\"name\":\"Spenden - Freiwillige Feuerwehr Kirchschlag\",\"isPartOf\":{\"@id\":\"https:\\\/\\\/ff-kirchschlag.at\\\/#website\"},\"primaryImageOfPage\":{\"@id\":\"https:\\\/\\\/ff-kirchschlag.at\\\/?page_id=552#primaryimage\"},\"image\":{\"@id\":\"https:\\\/\\\/ff-kirchschlag.at\\\/?page_id=552#primaryimage\"},\"thumbnailUrl\":\"http:\\\/\\\/ff-kirchschlag.at\\\/wp-content\\\/uploads\\\/2024\\\/10\\\/Spenden.jpg\",\"datePublished\":\"2024-08-19T19:51:36+00:00\",\"dateModified\":\"2025-12-07T15:45:10+00:00\",\"breadcrumb\":{\"@id\":\"https:\\\/\\\/ff-kirchschlag.at\\\/?page_id=552#breadcrumb\"},\"inLanguage\":\"de\",\"potentialAction\":[{\"@type\":\"ReadAction\",\"target\":[\"https:\\\/\\\/ff-kirchschlag.at\\\/?page_id=552\"]}]},{\"@type\":\"ImageObject\",\"inLanguage\":\"de\",\"@id\":\"https:\\\/\\\/ff-kirchschlag.at\\\/?page_id=552#primaryimage\",\"url\":\"http:\\\/\\\/ff-kirchschlag.at\\\/wp-content\\\/uploads\\\/2024\\\/10\\\/Spenden.jpg\",\"contentUrl\":\"http:\\\/\\\/ff-kirchschlag.at\\\/wp-content\\\/uploads\\\/2024\\\/10\\\/Spenden.jpg\",\"width\":1920,\"height\":913},{\"@type\":\"BreadcrumbList\",\"@id\":\"https:\\\/\\\/ff-kirchschlag.at\\\/?page_id=552#breadcrumb\",\"itemListElement\":[{\"@type\":\"ListItem\",\"position\":1,\"name\":\"Startseite\",\"item\":\"https:\\\/\\\/ff-kirchschlag.at\\\/\"},{\"@type\":\"ListItem\",\"position\":2,\"name\":\"Spenden\"}]},{\"@type\":\"WebSite\",\"@id\":\"https:\\\/\\\/ff-kirchschlag.at\\\/#website\",\"url\":\"https:\\\/\\\/ff-kirchschlag.at\\\/\",\"name\":\"Freiwillige Feuerwehr Kirchschlag\",\"description\":\"Freiwillige Feuerwehr Kirchschlag idBW\",\"publisher\":{\"@id\":\"https:\\\/\\\/ff-kirchschlag.at\\\/#organization\"},\"potentialAction\":[{\"@type\":\"SearchAction\",\"target\":{\"@type\":\"EntryPoint\",\"urlTemplate\":\"https:\\\/\\\/ff-kirchschlag.at\\\/?s={search_term_string}\"},\"query-input\":{\"@type\":\"PropertyValueSpecification\",\"valueRequired\":true,\"valueName\":\"search_term_string\"}}],\"inLanguage\":\"de\"},{\"@type\":\"Organization\",\"@id\":\"https:\\\/\\\/ff-kirchschlag.at\\\/#organization\",\"name\":\"Freiwillige Feuerwehr Kirchschlag\",\"url\":\"https:\\\/\\\/ff-kirchschlag.at\\\/\",\"logo\":{\"@type\":\"ImageObject\",\"inLanguage\":\"de\",\"@id\":\"https:\\\/\\\/ff-kirchschlag.at\\\/#\\\/schema\\\/logo\\\/image\\\/\",\"url\":\"http:\\\/\\\/ff-kirchschlag.at\\\/wp-content\\\/uploads\\\/2024\\\/08\\\/ff-logo-1.png\",\"contentUrl\":\"http:\\\/\\\/ff-kirchschlag.at\\\/wp-content\\\/uploads\\\/2024\\\/08\\\/ff-logo-1.png\",\"width\":317,\"height\":382,\"caption\":\"Freiwillige Feuerwehr Kirchschlag\"},\"image\":{\"@id\":\"https:\\\/\\\/ff-kirchschlag.at\\\/#\\\/schema\\\/logo\\\/image\\\/\"}}]}<\/script>\n<!-- \/ Yoast SEO plugin. -->","yoast_head_json":{"title":"Spenden - Freiwillige Feuerwehr Kirchschlag","robots":{"index":"index","follow":"follow","max-snippet":"max-snippet:-1","max-image-preview":"max-image-preview:large","max-video-preview":"max-video-preview:-1"},"canonical":"https:\/\/ff-kirchschlag.at\/?page_id=552","og_locale":"de_DE","og_type":"article","og_title":"Spenden - Freiwillige Feuerwehr Kirchschlag","og_description":"Sicherlich haben Sie sich schon einmal gefragt: Die Freiwillige Feuerwehr Kirchschlag besteht ausschlie\u00dflich aus freiwilligen Mitgliedern. Das hei\u00dft keiner von uns bekommt einen Cent f\u00fcr seine geleistete Arbeit, egal wieviel er dazu beitr\u00e4gt. Unsere Ausgaben werden f\u00fcr die Beschaffung von Ger\u00e4ten, Fahrzeugen und Ausr\u00fcstung bzw. Bekleidung verwendet. Gute Qualit\u00e4t an Hilfeleistungen kann nur von einer [&hellip;]","og_url":"https:\/\/ff-kirchschlag.at\/?page_id=552","og_site_name":"Freiwillige Feuerwehr Kirchschlag","article_modified_time":"2025-12-07T15:45:10+00:00","og_image":[{"width":1920,"height":913,"url":"https:\/\/ff-kirchschlag.at\/wp-content\/uploads\/2024\/10\/Spenden.jpg","type":"image\/jpeg"}],"twitter_card":"summary_large_image","schema":{"@context":"https:\/\/schema.org","@graph":[{"@type":"WebPage","@id":"https:\/\/ff-kirchschlag.at\/?page_id=552","url":"https:\/\/ff-kirchschlag.at\/?page_id=552","name":"Spenden - Freiwillige Feuerwehr Kirchschlag","isPartOf":{"@id":"https:\/\/ff-kirchschlag.at\/#website"},"primaryImageOfPage":{"@id":"https:\/\/ff-kirchschlag.at\/?page_id=552#primaryimage"},"image":{"@id":"https:\/\/ff-kirchschlag.at\/?page_id=552#primaryimage"},"thumbnailUrl":"http:\/\/ff-kirchschlag.at\/wp-content\/uploads\/2024\/10\/Spenden.jpg","datePublished":"2024-08-19T19:51:36+00:00","dateModified":"2025-12-07T15:45:10+00:00","breadcrumb":{"@id":"https:\/\/ff-kirchschlag.at\/?page_id=552#breadcrumb"},"inLanguage":"de","potentialAction":[{"@type":"ReadAction","target":["https:\/\/ff-kirchschlag.at\/?page_id=552"]}]},{"@type":"ImageObject","inLanguage":"de","@id":"https:\/\/ff-kirchschlag.at\/?page_id=552#primaryimage","url":"http:\/\/ff-kirchschlag.at\/wp-content\/uploads\/2024\/10\/Spenden.jpg","contentUrl":"http:\/\/ff-kirchschlag.at\/wp-content\/uploads\/2024\/10\/Spenden.jpg","width":1920,"height":913},{"@type":"BreadcrumbList","@id":"https:\/\/ff-kirchschlag.at\/?page_id=552#breadcrumb","itemListElement":[{"@type":"ListItem","position":1,"name":"Startseite","item":"https:\/\/ff-kirchschlag.at\/"},{"@type":"ListItem","position":2,"name":"Spenden"}]},{"@type":"WebSite","@id":"https:\/\/ff-kirchschlag.at\/#website","url":"https:\/\/ff-kirchschlag.at\/","name":"Freiwillige Feuerwehr Kirchschlag","description":"Freiwillige Feuerwehr Kirchschlag idBW","publisher":{"@id":"https:\/\/ff-kirchschlag.at\/#organization"},"potentialAction":[{"@type":"SearchAction","target":{"@type":"EntryPoint","urlTemplate":"https:\/\/ff-kirchschlag.at\/?s={search_term_string}"},"query-input":{"@type":"PropertyValueSpecification","valueRequired":true,"valueName":"search_term_string"}}],"inLanguage":"de"},{"@type":"Organization","@id":"https:\/\/ff-kirchschlag.at\/#organization","name":"Freiwillige Feuerwehr Kirchschlag","url":"https:\/\/ff-kirchschlag.at\/","logo":{"@type":"ImageObject","inLanguage":"de","@id":"https:\/\/ff-kirchschlag.at\/#\/schema\/logo\/image\/","url":"http:\/\/ff-kirchschlag.at\/wp-content\/uploads\/2024\/08\/ff-logo-1.png","contentUrl":"http:\/\/ff-kirchschlag.at\/wp-content\/uploads\/2024\/08\/ff-logo-1.png","width":317,"height":382,"caption":"Freiwillige Feuerwehr Kirchschlag"},"image":{"@id":"https:\/\/ff-kirchschlag.at\/#\/schema\/logo\/image\/"}}]}},"_links":{"self":[{"href":"http:\/\/ff-kirchschlag.at\/index.php?rest_route=\/wp\/v2\/pages\/552","targetHints":{"allow":["GET"]}}],"collection":[{"href":"http:\/\/ff-kirchschlag.at\/index.php?rest_route=\/wp\/v2\/pages"}],"about":[{"href":"http:\/\/ff-kirchschlag.at\/index.php?rest_route=\/wp\/v2\/types\/page"}],"author":[{"embeddable":true,"href":"http:\/\/ff-kirchschlag.at\/index.php?rest_route=\/wp\/v2\/users\/1"}],"replies":[{"embeddable":true,"href":"http:\/\/ff-kirchschlag.at\/index.php?rest_route=%2Fwp%2Fv2%2Fcomments&post=552"}],"version-history":[{"count":10,"href":"http:\/\/ff-kirchschlag.at\/index.php?rest_route=\/wp\/v2\/pages\/552\/revisions"}],"predecessor-version":[{"id":1352,"href":"http:\/\/ff-kirchschlag.at\/index.php?rest_route=\/wp\/v2\/pages\/552\/revisions\/1352"}],"wp:featuredmedia":[{"embeddable":true,"href":"http:\/\/ff-kirchschlag.at\/index.php?rest_route=\/wp\/v2\/media\/857"}],"wp:attachment":[{"href":"http:\/\/ff-kirchschlag.at\/index.php?rest_route=%2Fwp%2Fv2%2Fmedia&parent=552"}],"curies":[{"name":"wp","href":"https:\/\/api.w.org\/{rel}","templated":true}]}}